{"id":155,"date":"2024-11-08T12:35:29","date_gmt":"2024-11-08T11:35:29","guid":{"rendered":"\/?page_id=155"},"modified":"2024-11-08T12:41:58","modified_gmt":"2024-11-08T11:41:58","slug":"roemische-fundmuenze","status":"publish","type":"page","link":"\/?page_id=155","title":{"rendered":"R\u00f6mische Fundm\u00fcnze"},"content":{"rendered":"<div class=\"cms-section  pos-0 cms-section-default\">\n<div class=\"cms-section-default boxed\">\n<div class=\"cms-block  pos-0 cms-block-image-text\">\n<div class=\"cms-block-container\">\n<div class=\"cms-block-container-row row cms-row \">\n<div class=\"col-md-6\" data-cms-element-id=\"c94d1441804548638a28fb96b96f5895\">\n<div class=\"cms-element-text\">\n<h2>Alles rund um unsere r\u00f6mische Fundm\u00fcnze!<\/h2>\n<div>\n<figure id=\"attachment_148\" aria-describedby=\"caption-attachment-148\" style=\"width: 300px\" class=\"wp-caption alignleft\"><a href=\"http:\/\/reckwein.de\/wp-content\/uploads\/2024\/11\/Muenze-Vorderseite_1920x1920.jpg\" target=\"_blank\" rel=\"noopener\"><img loading=\"lazy\" decoding=\"async\" class=\"wp-image-148 size-medium\" src=\"http:\/\/reckwein.de\/wp-content\/uploads\/2024\/11\/Muenze-Vorderseite_1920x1920-300x225.jpg\" alt=\"\" width=\"300\" height=\"225\" srcset=\"\/wp-content\/uploads\/2024\/11\/Muenze-Vorderseite_1920x1920-300x225.jpg 300w, \/wp-content\/uploads\/2024\/11\/Muenze-Vorderseite_1920x1920-768x576.jpg 768w, \/wp-content\/uploads\/2024\/11\/Muenze-Vorderseite_1920x1920.jpg 1024w\" sizes=\"auto, (max-width: 300px) 100vw, 300px\" \/><\/a><figcaption id=\"caption-attachment-148\" class=\"wp-caption-text\">Vorderseite: IMP(erator) CAESAR VESPASIAN AUG(ustus) CO(n)S(ulatus) III Kaiser Vespasian, der Erhabene, im 3. Konsulat<\/figcaption><\/figure>\n<\/div>\n<div><\/div>\n<div>Erfahren Sie hier alles Wissenswerte zu unserer Fundm\u00fcnze und schauen Sie sich auch Fotographien der M\u00fcnze an.<\/div>\n<div><\/div>\n<div>Diese Kupferm\u00fcnze wurde 71 n. Chr. im 3. Konsulat von Kaiser Vespasian gepr\u00e4gt.\u00a0Man nannte eine solche Kupferm\u00fcnze damals \u201eAs\u201c, sie war die M\u00fcnze mit dem\u00a0geringsten Wert. Ein Sextarius (0,55 l Wein) kostete zur damaligen Zeit etwa 2 Asse.\u00a0Die Inschrift auf der R\u00f6merm\u00fcnze besteht aus Abk\u00fcrzungen und kann durch folgende\u00a0W\u00f6rter interpretiert werden:<\/div>\n<div><\/div>\n<\/div>\n<\/div>\n<\/div>\n<\/div>\n<\/div>\n<\/div>\n<\/div>\n<div class=\"cms-section  pos-1 cms-section-default\">\n<div class=\"cms-section-default boxed\">\n<div class=\"cms-block  pos-0 cms-block-text\">\n<div class=\"cms-block-container\">\n<div class=\"cms-block-container-row row cms-row \">\n<div class=\"col-12\" data-cms-element-id=\"8011db454cd64e2f96557c3f0f3fb069\">\n<div class=\"cms-element-text\">\n<h3><\/h3>\n<h3>Fundort<\/h3>\n<div><\/div>\n<p>Die Kupferm\u00fcnze wurde vor etwa 30 Jahren von Klaus Reck auf seinem Acker in Richtung L\u00f6rzweiler,\u00a0also im nord\u00f6stlichen Teil der Mommenheimer Gemarkung gefunden. Jahrelang wurde sie in\u00a0Hosentasche und Geldb\u00f6rse ganz unmerklich aufpoliert bis die Zeichen und Buchstaben zu\u00a0erkennen waren. Sowohl der gute Erhaltungszustand als auch ihr Alter machen die M\u00fcnze zur\u00a0bisher bedeutendsten und sch\u00f6nsten antiken M\u00fcnze, die in Mommenheim gefunden wurde.<\/p>\n<p>Im Jahr 2010, zu unserem Hoffest, kam man mit dem Numismatiker Herrn Ludwig Kranz,\u00a0der heute erster Vorsitzender des Mommenheimer Geschichtsverein \u201eHistoria\u201c ist, ins\u00a0Gespr\u00e4ch. Herr Kranz zeigte sofort Interesse an dieser M\u00fcnze und bat darum sie ihm zur\u00a0n\u00e4heren Auswertung zur Verf\u00fcgung zu stellen. Somit kam dieser au\u00dfergew\u00f6hnliche Fund zur\u00a0Landesarch\u00e4ologie nach Mainz und wurde dort wissenschaftlich ausgewertet und katalogisiert.<\/p>\n<p>&nbsp;<\/p>\n<\/div>\n<\/div>\n<\/div>\n<\/div>\n<\/div>\n<\/div>\n<\/div>\n<div class=\"cms-section  pos-2 cms-section-default\">\n<div class=\"cms-section-default boxed\">\n<div class=\"cms-block  pos-0 cms-block-image-text\">\n<div class=\"cms-block-container\">\n<div class=\"cms-block-container-row row cms-row \">\n<div class=\"col-md-6\" data-cms-element-id=\"2615d5878384482da0745cb84eb02491\">\n<div class=\"cms-element-text\">\n<h3>Geschichtlicher Hintergrund<\/h3>\n<figure id=\"attachment_156\" aria-describedby=\"caption-attachment-156\" style=\"width: 300px\" class=\"wp-caption alignright\"><img loading=\"lazy\" decoding=\"async\" class=\"wp-image-156 size-medium\" src=\"http:\/\/reckwein.de\/wp-content\/uploads\/2024\/11\/Muenze-Rueckseite_1920x1920-300x225.jpg\" alt=\"\" width=\"300\" height=\"225\" srcset=\"\/wp-content\/uploads\/2024\/11\/Muenze-Rueckseite_1920x1920-300x225.jpg 300w, \/wp-content\/uploads\/2024\/11\/Muenze-Rueckseite_1920x1920-1024x768.jpg 1024w, \/wp-content\/uploads\/2024\/11\/Muenze-Rueckseite_1920x1920-768x576.jpg 768w, \/wp-content\/uploads\/2024\/11\/Muenze-Rueckseite_1920x1920-1536x1152.jpg 1536w, \/wp-content\/uploads\/2024\/11\/Muenze-Rueckseite_1920x1920.jpg 1920w\" sizes=\"auto, (max-width: 300px) 100vw, 300px\" \/><figcaption id=\"caption-attachment-156\" class=\"wp-caption-text\">R\u00fcckseite: AEQUITAS AUGUSTI S(enatus) C(onsulto) Legitimation durch Senatsbeschluss<\/figcaption><\/figure>\n<\/div>\n<div><\/div>\n<div class=\"cms-element-text\">\n<p>Caesar Vespasianus Augustus (urspr\u00fcnglich: Titus Flavius Vespasianus) war r\u00f6mischer Kaiser von 69 &#8211; 79 n. Chr. W\u00e4hrend seiner zehnj\u00e4hrigen Herrschaft gelang es ihm, das Reich sowohl politisch als auch finanziell zu stabilisieren. Er galt und gilt als einer der\u00a0bedeutendsten Kaiser und wird in diesem Zusammenhang mit Augustus und Trajan in eine Reihe gestellt. W\u00e4hrend der Herrschaft Vespasians wurde auch die Romanisierung auf der linken Rheinseite vorangetrieben. Er verteilte die Truppen neu auf das besetzte Gebiet von Bonn bis zur Donau und verst\u00e4rkte auch das Kastell in Mogontiacum (Mainz).<\/p>\n<p>Unter Vespasian wurde auch der erste limites (Grenzwall) in der N\u00e4he des Rheins errichtet. Im Zuge dieser eher defensiven Politik entstanden auch kleine Lager entlang des Rheins.<\/p>\n<\/div>\n<\/div>\n<\/div>\n<\/div>\n<\/div>\n<\/div>\n<\/div>\n","protected":false},"excerpt":{"rendered":"<p>Alles rund um unsere r\u00f6mische Fundm\u00fcnze! Erfahren Sie hier alles Wissenswerte zu unserer Fundm\u00fcnze und schauen Sie sich auch Fotographien der M\u00fcnze an. Diese Kupferm\u00fcnze wurde 71 n. Chr. im 3. Konsulat von Kaiser Vespasian gepr\u00e4gt.\u00a0Man nannte eine solche Kupferm\u00fcnze damals \u201eAs\u201c, sie war die M\u00fcnze mit dem\u00a0geringsten Wert. Ein Sextarius (0,55 l Wein) kostete&#8230;<\/p>\n","protected":false},"author":1,"featured_media":0,"parent":0,"menu_order":0,"comment_status":"closed","ping_status":"closed","template":"","meta":{"_kad_post_transparent":"","_kad_post_title":"","_kad_post_layout":"","_kad_post_sidebar_id":"","_kad_post_content_style":"","_kad_post_vertical_padding":"","_kad_post_feature":"","_kad_post_feature_position":"","_kad_post_header":false,"_kad_post_footer":false,"footnotes":""},"class_list":["post-155","page","type-page","status-publish","hentry"],"_links":{"self":[{"href":"\/index.php?rest_route=\/wp\/v2\/pages\/155","targetHints":{"allow":["GET"]}}],"collection":[{"href":"\/index.php?rest_route=\/wp\/v2\/pages"}],"about":[{"href":"\/index.php?rest_route=\/wp\/v2\/types\/page"}],"author":[{"embeddable":true,"href":"\/index.php?rest_route=\/wp\/v2\/users\/1"}],"replies":[{"embeddable":true,"href":"\/index.php?rest_route=%2Fwp%2Fv2%2Fcomments&post=155"}],"version-history":[{"count":8,"href":"\/index.php?rest_route=\/wp\/v2\/pages\/155\/revisions"}],"predecessor-version":[{"id":165,"href":"\/index.php?rest_route=\/wp\/v2\/pages\/155\/revisions\/165"}],"wp:attachment":[{"href":"\/index.php?rest_route=%2Fwp%2Fv2%2Fmedia&parent=155"}],"curies":[{"name":"wp","href":"https:\/\/api.w.org\/{rel}","templated":true}]}}