{"id":135,"date":"2024-11-08T12:08:55","date_gmt":"2024-11-08T11:08:55","guid":{"rendered":"\/?page_id=135"},"modified":"2025-07-13T16:42:06","modified_gmt":"2025-07-13T14:42:06","slug":"versand-und-lieferbedingungen","status":"publish","type":"page","link":"\/?page_id=135","title":{"rendered":"Versand- und Lieferbedingungen"},"content":{"rendered":"<h2>Versand und Lieferung<\/h2>\n<p><b>Sollten Sie Interesse an einer Lieferung per Versanddienstleister haben, sprechen Sie uns pers\u00f6nlich zu den Konditionen an.<\/b><\/p>\n<p><b>Selbstauslieferung: <\/b><\/p>\n<p><img loading=\"lazy\" decoding=\"async\" class=\"size-medium wp-image-136 alignleft\" src=\"http:\/\/reckwein.de\/wp-content\/uploads\/2024\/11\/Neue-Bilder-Homepage-09-187_b_1920x1920-300x151.jpg\" alt=\"\" width=\"300\" height=\"151\" srcset=\"\/wp-content\/uploads\/2024\/11\/Neue-Bilder-Homepage-09-187_b_1920x1920-300x151.jpg 300w, \/wp-content\/uploads\/2024\/11\/Neue-Bilder-Homepage-09-187_b_1920x1920.jpg 733w\" sizes=\"auto, (max-width: 300px) 100vw, 300px\" \/><\/p>\n<p>Wir liefern bei turnusm\u00e4\u00dfigen Weintouren im Rhein-Main-Gebiet, Bielefeld und Umgebung sowie Dannstadt-Schauernheim und Umgebung versandkostenfrei aus.<\/p>\n<p>Au\u00dferdem erhalten Sie ab 12 Flaschen einen Rabatt von 0,20 \u20ac\/Flasche.<\/p>\n<p>Bitte\u00a0<a href=\"https:\/\/weingut-reck.de\/Shop-Service\/Kontakt\/\" target=\"_self\" rel=\"noopener\">kontaktieren<\/a>\u00a0Sie uns.<\/p>\n<p><b>Selbstabholung: <\/b><\/p>\n<p>Bei Selbstabholung im Weingut erhalten Sie einen Rabatt von 0,60 \u20ac\/Flasche.<\/p>\n<h2>Bezahlung<\/h2>\n<p><img loading=\"lazy\" decoding=\"async\" class=\"size-medium wp-image-137 alignright\" src=\"http:\/\/reckwein.de\/wp-content\/uploads\/2024\/11\/wallet-2302241_1920_1920x1920-300x201.jpg\" alt=\"\" width=\"300\" height=\"201\" srcset=\"\/wp-content\/uploads\/2024\/11\/wallet-2302241_1920_1920x1920-300x201.jpg 300w, \/wp-content\/uploads\/2024\/11\/wallet-2302241_1920_1920x1920-1024x685.jpg 1024w, \/wp-content\/uploads\/2024\/11\/wallet-2302241_1920_1920x1920-768x514.jpg 768w, \/wp-content\/uploads\/2024\/11\/wallet-2302241_1920_1920x1920-1536x1028.jpg 1536w, \/wp-content\/uploads\/2024\/11\/wallet-2302241_1920_1920x1920.jpg 1920w\" sizes=\"auto, (max-width: 300px) 100vw, 300px\" \/><\/p>\n<ul>\n<li>bar<\/li>\n<li>auf Rechnung<\/li>\n<li>Vorkasse (nach vorheriger Absprache)<\/li>\n<li>Paypal &#8211; bei uns vor Ort k\u00f6nnen Sie gern mit Paypal bezahlen. Daf\u00fcr halten wir f\u00fcr Sie einen QR Code bereit.<\/li>\n<\/ul>\n","protected":false},"excerpt":{"rendered":"<p>Versand und Lieferung Sollten Sie Interesse an einer Lieferung per Versanddienstleister haben, sprechen Sie uns pers\u00f6nlich zu den Konditionen an. Selbstauslieferung: Wir liefern bei turnusm\u00e4\u00dfigen Weintouren im Rhein-Main-Gebiet, Bielefeld und Umgebung sowie Dannstadt-Schauernheim und Umgebung versandkostenfrei aus. Au\u00dferdem erhalten Sie ab 12 Flaschen einen Rabatt von 0,20 \u20ac\/Flasche. Bitte\u00a0kontaktieren\u00a0Sie uns. Selbstabholung: Bei Selbstabholung im Weingut&#8230;<\/p>\n","protected":false},"author":1,"featured_media":0,"parent":0,"menu_order":0,"comment_status":"closed","ping_status":"closed","template":"","meta":{"_kad_post_transparent":"","_kad_post_title":"","_kad_post_layout":"","_kad_post_sidebar_id":"","_kad_post_content_style":"","_kad_post_vertical_padding":"","_kad_post_feature":"","_kad_post_feature_position":"","_kad_post_header":false,"_kad_post_footer":false,"footnotes":""},"class_list":["post-135","page","type-page","status-publish","hentry"],"_links":{"self":[{"href":"\/index.php?rest_route=\/wp\/v2\/pages\/135","targetHints":{"allow":["GET"]}}],"collection":[{"href":"\/index.php?rest_route=\/wp\/v2\/pages"}],"about":[{"href":"\/index.php?rest_route=\/wp\/v2\/types\/page"}],"author":[{"embeddable":true,"href":"\/index.php?rest_route=\/wp\/v2\/users\/1"}],"replies":[{"embeddable":true,"href":"\/index.php?rest_route=%2Fwp%2Fv2%2Fcomments&post=135"}],"version-history":[{"count":3,"href":"\/index.php?rest_route=\/wp\/v2\/pages\/135\/revisions"}],"predecessor-version":[{"id":476,"href":"\/index.php?rest_route=\/wp\/v2\/pages\/135\/revisions\/476"}],"wp:attachment":[{"href":"\/index.php?rest_route=%2Fwp%2Fv2%2Fmedia&parent=135"}],"curies":[{"name":"wp","href":"https:\/\/api.w.org\/{rel}","templated":true}]}}